43, 2251
What are the prime factors of 91905?
3, 5, 11, 557
What are the prime factors of 17088?
2, 3, 89
List the prime factors of 2197.
13
List the prime factors of 29221.
29221
List the prime factors of 49988.
2, 12497
List the prime factors of 7910.
2, 5, 7, 113
List the prime factors of 15354.
2, 3, 853
List the prime factors of 963.
3, 107
List the prime factors of 33681.
3, 103, 109
What are the prime factors of 1955?
5, 17, 23
What are the prime factors of 3084?
2, 3, 257
List the prime factors of 3942.
2, 3, 73
List the prime factors of 2753.
2753
What are the prime factors of 6508?
2, 1627
List the prime factors of 26271.
3, 7, 139
List the prime factors of 33.
3, 11
What are the prime factors of 3900?
2, 3, 5, 13
What are the prime factors of 74806?
2, 113, 331
List the prime factors of 72245.
5, 14449
What are the prime factors of 2714?
2, 23, 59
What are the prime factors of 40900?
2, 5, 409
What are the prime factors of 5631?
3, 1877
List the prime factors of 628.
2, 157
What are the prime factors of 914?
2, 457
What are the prime factors of 51098?
2, 29, 881
What are the prime factors of 44211?
3, 14737
What are the prime factors of 166?
2, 83
What are the prime factors of 25797?
3, 8599
What are the prime factors of 11345?
5, 2269
What are the prime factors of 3955?
5, 7, 113
What are the prime factors of 1442?
2, 7, 103
What are the prime factors of 3877?
3877
List the prime factors of 1563.
3, 521
What are the prime factors of 7870?
2, 5, 787
List the prime factors of 372.
2, 3, 31
What are the prime factors of 4487?
7, 641
List the prime factors of 999.
3, 37
What are the prime factors of 38024?
2, 7, 97
What are the prime factors of 8568?
2, 3, 7, 17
What are the prime factors of 1695?
3, 5, 113
What are the prime factors of 26723?
26723
What are the prime factors of 6225?
3, 5, 83
List the prime factors of 667.
23, 29
List the prime factors of 7825.
5, 313
What are the prime factors of 17225?
5, 13, 53
List the prime factors of 665.
5, 7, 19
List the prime factors of 15824.
2, 23, 43
What are the prime factors of 359?
359
What are the prime factors of 3062?
2, 1531
List the prime factors of 3161.
29, 109
What are the prime factors of 37833?
3, 12611
What are the prime factors of 36?
2, 3
List the prime factors of 11467.
11467
List the prime factors of 12232.
2, 11, 139
List the prime factors of 38069.
38069
What are the prime factors of 750?
2, 3, 5
List the prime factors of 14455.
5, 7, 59
List the prime factors of 7612.
2, 11, 173
What are the prime factors of 1885?
5, 13, 29
What are the prime factors of 2975?
5, 7, 17
List the prime factors of 123017.
123017
What are the prime factors of 960?
2, 3, 5
What are the prime factors of 14046?
2, 3, 2341
List the prime factors of 1615.
5, 17, 19
List the prime factors of 42082.
2, 53, 397
What are the prime factors of 69619?
11, 6329
What are the prime factors of 6208?
2, 97
What are the prime factors of 12683?
11, 1153
What are the prime factors of 8059?
8059
What are the prime factors of 2120?
2, 5, 53
What are the prime factors of 1195?
5, 239
List the prime factors of 15029.
7, 19, 113
List the prime factors of 4052.
2, 1013
What are the prime factors of 12290?
2, 5, 1229
What are the prime factors of 14730?
2, 3, 5, 491
List the prime factors of 8555.
5, 29, 59
List the prime factors of 1476.
2, 3, 41
What are the prime factors of 3417?
3, 17, 67
What are the prime factors of 76133?
19, 4007
List the prime factors of 136470.
2, 3, 5, 4549
What are the prime factors of 10569?
3, 13, 271
List the prime factors of 4429.
43, 103
What are the prime factors of 1322?
2, 661
What are the prime factors of 315?
3, 5, 7
List the prime factors of 16245.
3, 5, 19
What are the prime factors of 7774?
2, 13, 23
List the prime factors of 14276.
2, 43, 83
What are the prime factors of 29300?
2, 5, 293
List the prime factors of 17991.
3, 1999
What are the prime factors of 22976?
2, 359
List the prime factors of 34875.
3, 5, 31
What are the prime factors of 151?
151
What are the prime factors of 29321?
109, 269
List the prime factors of 44759.
11, 13, 313
List the prime factors of 273.
3, 7, 13
What are the prime factors of 8680?
2, 5, 7, 31
What are the prime factors of 9894?
2, 3, 17, 97
What are the prime factors of 1322?
2, 661
List the prime factors of 42825.
3, 5, 571
What are the prime factors of 64761?
3, 21587
What are the prime factors of 9874?
2, 4937
List the prime factors of 329.
7, 47
What are the prime factors of 34460?
2, 5, 1723
List the prime factors of 6504.
2, 3, 271
List the prime factors of 3460.
2, 5, 173
What are the prime factors of 2887?
2887
What are the prime factors of 4032?
2, 3, 7
List the prime factors of 2702.
2, 7, 193
What are the prime factors of 961?
31
List the prime factors of 4155.
3, 5, 277
What are the prime factors of 1035?
3, 5, 23
What are the prime factors of 2540?
2, 5, 127
What are the prime factors of 30174?
2, 3, 47, 107
What are the prime factors of 3248?
2, 7, 29
What are the prime factors of 106308?
2, 3, 2953
List the prime factors of 11632.
2, 727
What are the prime factors of 1045?
5, 11, 19
List the prime factors of 133039.
133039
List the prime factors of 198923.
67, 2969
What are the prime factors of 58107?
3, 7, 2767
List the prime factors of 1248.
2, 3, 13
List the prime factors of 15136.
2, 11, 43
What are the prime factors of 631?
631
List the prime factors of 243.
3
What are the prime factors of 683?
683
List the prime factors of 3285.
3, 5, 73
What are the prime factors of 17760?
2, 3, 5, 37
What are the prime factors of 82211?
229, 359
List the prime factors of 6065.
5, 1213
List the prime factors of 1832.
2, 229
What are the prime factors of 13?
13
List the prime factors of 280.
2, 5, 7
What are the prime factors of 1516?
2, 379
List the prime factors of 123571.
7, 127, 139
What are the prime factors of 6055?
5, 7, 173
What are the prime factors of 94745?
5, 7, 2707
What are the prime factors of 20153?
7, 2879
List the prime factors of 91355.
5, 11, 151
List the prime factors of 441.
3, 7
List the prime factors of 1085.
5, 7, 31
What are the prime factors of 337?
337
What are the prime factors of 859?
859
List the prime factors of 1369.
37
What are the prime factors of 4355?
5, 13, 67
List the prime factors of 13473.
3, 499
What are the prime factors of 3560?
2, 5, 89
List the prime factors of 21087.
3, 11, 71
List the prime factors of 8735.
5, 1747
What are the prime factors of 15650?
2, 5, 313
What are the prime factors of 109806?
2, 3, 18301
What are the prime factors of 2636?
2, 659
What are the prime factors of 1065?
3, 5, 71
What are the prime factors of 107705?
5, 13, 1657
What are the prime factors of 335?
5, 67
List the prime factors of 695.
5, 139
List the prime factors of 63007.
7, 9001
List the prime factors of 84519.
3, 9391
What are the prime factors of 5579?
7, 797
List the prime factors of 2173.
41, 53
List the prime factors of 578.
2, 17
List the prime factors of 7918.
2, 37, 107
List the prime factors of 677.
677
List the prime factors of 28270.
2, 5, 11, 257
What are the prime factors of 140?
2, 5, 7
What are the prime factors of 4153?
4153
List the prime factors of 1962.
2, 3, 109
List the prime factors of 89200.
2, 5, 223
What are the prime factors of 24728?
2, 11, 281
List the prime factors of 18806.
2, 9403
What are the prime factors of 1768?
2, 13, 17
List the prime factors of 4374.
2, 3
What are the prime factors of 3311?
7, 11, 43
What are the prime factors of 67692?
2, 3, 5641
List the prime factors of 2211.
3, 11, 67
What are the prime factors of 1321?
1321
What are the prime factors of 44482?
2, 23, 967
List the prime factors of 76241.
11, 29, 239
What are the prime factors of 3941?
7, 563
List the prime factors of 9769.
9769
List the prime factors of 1673.
7, 239
What are the prime factors of 25359?
3, 79, 107
List the prime factors of 7195.
5, 1439
List the prime factors of 444.
2, 3, 37
What are the prime factors of 11103?
3, 3701
What are the prime factors of 5847?
3, 1949
What are the prime factors of 2057?
11, 17
List the prime factors of 8276.
2, 2069
List the prime factors of 33069.
3, 73, 151
List the prime factors of 404.
2, 101
What are the prime factors of 25?
5
List the prime fa